{"id":135,"date":"2022-08-09T21:56:18","date_gmt":"2022-08-09T21:56:18","guid":{"rendered":"https:\/\/lactaliscef.ca\/?page_id=135"},"modified":"2022-08-17T18:48:48","modified_gmt":"2022-08-17T18:48:48","slug":"summary-form","status":"publish","type":"page","link":"https:\/\/lactaliscef.ca\/?page_id=135","title":{"rendered":""},"content":{"rendered":"\n<figure class=\"wp-block-image aligncenter size-large is-resized\"><img loading=\"lazy\" decoding=\"async\" src=\"https:\/\/lactaliscef.ca\/wp-content\/uploads\/2022\/08\/Lactalis_Canada_Inc__Lactalis_Canada_Named_on_the_Forbes_2022_Li-1024x352.jpg\" alt=\"\" class=\"wp-image-48\" width=\"256\" height=\"88\" srcset=\"https:\/\/lactaliscef.ca\/wp-content\/uploads\/2022\/08\/Lactalis_Canada_Inc__Lactalis_Canada_Named_on_the_Forbes_2022_Li-1024x352.jpg 1024w, https:\/\/lactaliscef.ca\/wp-content\/uploads\/2022\/08\/Lactalis_Canada_Inc__Lactalis_Canada_Named_on_the_Forbes_2022_Li-300x103.jpg 300w, https:\/\/lactaliscef.ca\/wp-content\/uploads\/2022\/08\/Lactalis_Canada_Inc__Lactalis_Canada_Named_on_the_Forbes_2022_Li-768x264.jpg 768w, https:\/\/lactaliscef.ca\/wp-content\/uploads\/2022\/08\/Lactalis_Canada_Inc__Lactalis_Canada_Named_on_the_Forbes_2022_Li.jpg 1200w\" sizes=\"auto, (max-width: 256px) 100vw, 256px\" \/><\/figure>\n\n\n\n<figure class=\"wp-block-image aligncenter size-full\"><a href=\"https:\/\/www.lactaliscef.ca\"><img loading=\"lazy\" decoding=\"async\" width=\"1857\" height=\"335\" src=\"https:\/\/lactaliscef.ca\/wp-content\/uploads\/2022\/08\/F2F.png\" alt=\"\" class=\"wp-image-160\" srcset=\"https:\/\/lactaliscef.ca\/wp-content\/uploads\/2022\/08\/F2F.png 1857w, https:\/\/lactaliscef.ca\/wp-content\/uploads\/2022\/08\/F2F-300x54.png 300w, https:\/\/lactaliscef.ca\/wp-content\/uploads\/2022\/08\/F2F-1024x185.png 1024w, https:\/\/lactaliscef.ca\/wp-content\/uploads\/2022\/08\/F2F-768x139.png 768w, https:\/\/lactaliscef.ca\/wp-content\/uploads\/2022\/08\/F2F-1536x277.png 1536w\" sizes=\"auto, (max-width: 1857px) 100vw, 1857px\" \/><\/a><\/figure>\n\n\n\n<div class=\"wp-block-buttons is-content-justification-center is-layout-flex wp-container-core-buttons-is-layout-a89b3969 wp-block-buttons-is-layout-flex\">\n<div class=\"wp-block-button\"><a class=\"wp-block-button__link has-vivid-cyan-blue-background-color has-background\" href=\"https:\/\/lactaliscef.ca\/?page_id=210\">About\/<br>\u00c0 propos<\/a><\/div>\n\n\n\n<div class=\"wp-block-button\"><a class=\"wp-block-button__link has-vivid-cyan-blue-background-color has-background\" href=\"https:\/\/lactaliscef.ca\/?page_id=132\">Submission Form\/<br>Formulaire de soumission<\/a><\/div>\n\n\n\n<div class=\"wp-block-button\"><a class=\"wp-block-button__link has-vivid-cyan-blue-background-color has-background\" href=\"https:\/\/lactaliscef.ca\/?page_id=135\">Summary Form\/<br>Formulaire sommaire<\/a><\/div>\n<\/div>\n\n\n\n<p class=\"has-text-align-center has-vivid-cyan-blue-color has-text-color has-large-font-size\"><strong>Summary Form<\/strong> \/ <strong>Formulaire sommaire<\/strong><\/p>\n\n\n\n<div class=\"forminator-guttenberg\"><div class=\"forminator-ui forminator-custom-form forminator-custom-form-28 forminator-design--default  forminator_ajax draft-enabled\" data-forminator-render=\"0\" data-form=\"forminator-module-28\" data-uid=\"6a0217092aa3c\"><br\/><\/div><form\n\t\t\t\tid=\"forminator-module-28\"\n\t\t\t\tclass=\"forminator-ui forminator-custom-form forminator-custom-form-28 forminator-design--default  forminator_ajax draft-enabled\"\n\t\t\t\tmethod=\"post\"\n\t\t\t\tdata-forminator-render=\"0\"\n\t\t\t\tdata-form-id=\"28\"\n\t\t\t\tenctype=\"multipart\/form-data\" data-color-option=\"default\" data-design=\"default\" data-grid=\"open\" style=\"display: none;\"\n\t\t\t\tdata-uid=\"6a0217092aa3c\"\n\t\t\t><div role=\"alert\" aria-live=\"polite\" class=\"forminator-response-message forminator-error\" aria-hidden=\"true\"><\/div><div class=\"forminator-row\"><div id=\"select-1\" class=\"forminator-field-select forminator-col forminator-col-12 \"><div class=\"forminator-field\"><label for=\"forminator-form-28__field--select-1_6a0217092aa3c\" id=\"forminator-form-28__field--select-1_6a0217092aa3c-label\" class=\"forminator-label\">Select a Site\/S\u00e9lectionnez un site <span class=\"forminator-required\">*<\/span><\/label><select  id=\"forminator-form-28__field--select-1_6a0217092aa3c\" class=\"forminator-select--field forminator-select2 forminator-select2-multiple\" data-required=\"1\" name=\"select-1\" data-default-value=\"\" data-placeholder=\"Select a Site\/S\u00e9lectionnez un site\" data-search=\"false\" data-search-placeholder=\"Select a Site\/S\u00e9lectionnez un site\" data-checkbox=\"false\" data-allow-clear=\"false\" aria-labelledby=\"forminator-form-28__field--select-1_6a0217092aa3c-label\"><option value=\"\"  >Select a Site\/S\u00e9lectionnez un site<\/option><option value=\"405-TWM\"  data-calculation=\"0\">405 TWM<\/option><option value=\"Belleville\"  data-calculation=\"0\">Belleville<\/option><option value=\"Brampton\"  data-calculation=\"0\">Brampton<\/option><option value=\"Calgary\"  data-calculation=\"0\">Calgary<\/option><option value=\"Delta\"  data-calculation=\"0\">Delta<\/option><option value=\"Granby\"  data-calculation=\"0\">Granby<\/option><option value=\"Grunthal\"  data-calculation=\"0\">Grunthal<\/option><option value=\"Ingleside\"  data-calculation=\"0\">Ingleside<\/option><option value=\"Laverlochere\"  data-calculation=\"0\">Laverlochere<\/option><option value=\"Lethbridge\"  data-calculation=\"0\">Lethbridge<\/option><option value=\"London\"  data-calculation=\"0\">London<\/option><option value=\"Longueuil-DC\"  data-calculation=\"0\">Longueuil DC<\/option><option value=\"Mississauga\"  data-calculation=\"0\">Mississauga<\/option><option value=\"Mitchell\"  data-calculation=\"0\">Mitchell<\/option><option value=\"Montreal\"  data-calculation=\"0\">Montreal<\/option><option value=\"Niagara\"  data-calculation=\"0\">Niagara<\/option><option value=\"Rakely\"  data-calculation=\"0\">Rakely<\/option><option value=\"Richmond\"  data-calculation=\"0\">Richmond<\/option><option value=\"St.-Claude\"  data-calculation=\"0\">St. Claude<\/option><option value=\"Sudbury\"  data-calculation=\"0\">Sudbury<\/option><option value=\"Thunder-Bay\"  data-calculation=\"0\">Thunder Bay<\/option><option value=\"Victoriaville\"  data-calculation=\"0\">Victoriaville<\/option><option value=\"Winchester\"  data-calculation=\"0\">Winchester<\/option><option value=\"Winnipeg\"  data-calculation=\"0\">Winnipeg<\/option><\/select><\/div><\/div><\/div><div class=\"forminator-row\"><div id=\"name-1\" class=\"forminator-field-name forminator-col forminator-col-12 \"><div class=\"forminator-field\"><label for=\"forminator-field-name-1_6a0217092aa3c\" id=\"forminator-field-name-1_6a0217092aa3c-label\" class=\"forminator-label\">Event\/Project\/Activity Name\/Nom de l\u2019\u00e9v\u00e9nement, du projet ou de l\u2019activit\u00e9<\/label><input type=\"text\" name=\"name-1\" value=\"\" placeholder=\"\" id=\"forminator-field-name-1_6a0217092aa3c\" class=\"forminator-input forminator-name--field\" aria-required=\"false\" autocomplete=\"name\" \/><\/div><\/div><\/div><div class=\"forminator-row\"><div id=\"textarea-1\" class=\"forminator-field-textarea forminator-col forminator-col-12 \"><div class=\"forminator-field\"><label for=\"forminator-field-textarea-1_6a0217092aa3c\" id=\"forminator-field-textarea-1_6a0217092aa3c-label\" class=\"forminator-label\">Highlights\/Points saillants<\/label><textarea name=\"textarea-1\" placeholder=\"Summary of initiative or event (what, when, how, who, objectives) R\u00e9sum\u00e9 de l\u2019initiative ou de l\u2019\u00e9v\u00e9nement (quoi, quand, comment, qui, objectifs)\" id=\"forminator-field-textarea-1_6a0217092aa3c\" class=\"forminator-textarea\" rows=\"6\" style=\"--forminator-textarea-min-height:140px;\" ><\/textarea><\/div><\/div><\/div><div class=\"forminator-row\"><div id=\"textarea-2\" class=\"forminator-field-textarea forminator-col forminator-col-12 \"><div class=\"forminator-field\"><label for=\"forminator-field-textarea-2_6a0217092aa3c\" id=\"forminator-field-textarea-2_6a0217092aa3c-label\" class=\"forminator-label\">Results\/R\u00e9sultats<\/label><textarea name=\"textarea-2\" placeholder=\"Number of attendees\/beneficiaries Impact\/outcomes Nombre de participant(e)s et des b\u00e9n\u00e9ficiaires Impact et r\u00e9sultats\" id=\"forminator-field-textarea-2_6a0217092aa3c\" class=\"forminator-textarea\" rows=\"6\" style=\"--forminator-textarea-min-height:140px;\" ><\/textarea><\/div><\/div><\/div><div class=\"forminator-row\"><div id=\"textarea-3\" class=\"forminator-field-textarea forminator-col forminator-col-12 \"><div class=\"forminator-field\"><label for=\"forminator-field-textarea-3_6a0217092aa3c\" id=\"forminator-field-textarea-3_6a0217092aa3c-label\" class=\"forminator-label\">Feedback\/Commentaires<\/label><textarea name=\"textarea-3\" placeholder=\"Feedback\/comments from attendees\/beneficiaries\" id=\"forminator-field-textarea-3_6a0217092aa3c\" class=\"forminator-textarea\" rows=\"6\" style=\"--forminator-textarea-min-height:140px;\" ><\/textarea><\/div><\/div><\/div><div class=\"forminator-row\"><div id=\"textarea-4\" class=\"forminator-field-textarea forminator-col forminator-col-12 \"><div class=\"forminator-field\"><label for=\"forminator-field-textarea-4_6a0217092aa3c\" id=\"forminator-field-textarea-4_6a0217092aa3c-label\" class=\"forminator-label\">Long Term Objectives (if applicable)\/Objectifs \u00e0 long terme (le cas \u00e9ch\u00e9ant)<\/label><textarea name=\"textarea-4\" placeholder=\"Future plans or long-term objectives for initiative\/event Projets futurs ou objectifs \u00e0 long terme pour l\u2019initiative ou l\u2019\u00e9v\u00e9nement\" id=\"forminator-field-textarea-4_6a0217092aa3c\" class=\"forminator-textarea\" rows=\"6\" style=\"--forminator-textarea-min-height:140px;\" ><\/textarea><\/div><\/div><\/div><div class=\"forminator-row\"><div id=\"upload-1\" class=\"forminator-field-upload forminator-col forminator-col-12 \"><div class=\"forminator-field\"><label for=\"forminator-field-upload-1_6a0217092aa3c\" id=\"forminator-field-upload-1_6a0217092aa3c-label\" class=\"forminator-label\">Photos &amp; Multimedia Assets\/Photos et ressources multim\u00e9dias<\/label><div class=\"forminator-multi-upload \" data-element=\"upload-1_6a0217092aa3c\" aria-describedby=\"forminator-field-upload-1_6a0217092aa3c-description\"><input type=\"file\" name=\"upload-1[]\" id=\"forminator-field-upload-1_6a0217092aa3c\" class=\"forminator-input-file forminator-field-upload-1_6a0217092aa3c-28\" multiple=\"multiple\" data-method=\"ajax\" data-size=\"8000000\" data-size-message=\"Maximum file size allowed is 8 MB. \"><div class=\"forminator-multi-upload-message\" aria-hidden=\"true\"><span class=\"forminator-icon-upload\" aria-hidden=\"true\"><\/span><p>Drag and Drop (or) <a class=\"forminator-upload-file--forminator-field-upload-1_6a0217092aa3c\" href=\"#\" onclick=\"return false;\">Choose Files<\/a><\/p><\/div><\/div><span id=\"forminator-field-upload-1_6a0217092aa3c-description\" class=\"forminator-description\">Upload photos or any other multimedia assets that Lactalis Canada has consent to use for promotional and reporting purposes on the company\u2019s website, reports and\/or social media. \/T\u00e9l\u00e9versez des photos ou tout autre contenu multim\u00e9dia pour lesquels Lactalis\u00a0Canada a le consentement d\u2019utiliser \u00e0 des fins de promotion et de production de rapports sur le site Web de l\u2019entreprise, dans ses rapports et\/ou sur les m\u00e9dias sociaux.<\/span><ul class=\"forminator-uploaded-files upload-container-upload-1_6a0217092aa3c\"><\/ul><\/div><\/div><\/div><input type=\"hidden\" name=\"referer_url\" value=\"\" \/><div class=\"forminator-row forminator-row-last\"><div class=\"forminator-col\"><div class=\"forminator-field\"><button class=\"forminator-button forminator-button-submit\">Submit<\/button><a href=\"#\" class=\"forminator-save-draft-link disabled\" title=\"Fill in form fields before saving it as a draft\" formnovalidate>Save as Draft<\/a><\/div><\/div><\/div><input type=\"hidden\" id=\"forminator_nonce\" name=\"forminator_nonce\" value=\"04de02b403\" \/><input type=\"hidden\" name=\"_wp_http_referer\" value=\"\/index.php?rest_route=%2Fwp%2Fv2%2Fpages%2F135\" \/><input type=\"hidden\" name=\"form_id\" value=\"28\"><input type=\"hidden\" name=\"page_id\" value=\"135\"><input type=\"hidden\" name=\"form_type\" value=\"default\"><input type=\"hidden\" name=\"current_url\" value=\"https:\/\/lactaliscef.ca\/?page_id=135\"><input type=\"hidden\" name=\"render_id\" value=\"0\"><input type=\"hidden\" name=\"forminator-multifile-hidden\" class=\"forminator-multifile-hidden\"><input type=\"hidden\" name=\"action\" value=\"forminator_submit_form_custom-forms\"><input type=\"hidden\" name=\"save_draft\" value=\"false\"><\/form><\/div>\n\n\n\n<hr class=\"wp-block-separator has-alpha-channel-opacity\"\/>\n","protected":false},"excerpt":{"rendered":"<p>Summary Form \/ Formulaire sommaire<\/p>\n","protected":false},"author":1,"featured_media":0,"parent":0,"menu_order":0,"comment_status":"closed","ping_status":"closed","template":"blank","meta":{"_kadence_starter_templates_imported_post":false,"footnotes":""},"class_list":["post-135","page","type-page","status-publish","hentry"],"_links":{"self":[{"href":"https:\/\/lactaliscef.ca\/index.php?rest_route=\/wp\/v2\/pages\/135","targetHints":{"allow":["GET"]}}],"collection":[{"href":"https:\/\/lactaliscef.ca\/index.php?rest_route=\/wp\/v2\/pages"}],"about":[{"href":"https:\/\/lactaliscef.ca\/index.php?rest_route=\/wp\/v2\/types\/page"}],"author":[{"embeddable":true,"href":"https:\/\/lactaliscef.ca\/index.php?rest_route=\/wp\/v2\/users\/1"}],"replies":[{"embeddable":true,"href":"https:\/\/lactaliscef.ca\/index.php?rest_route=%2Fwp%2Fv2%2Fcomments&post=135"}],"version-history":[{"count":12,"href":"https:\/\/lactaliscef.ca\/index.php?rest_route=\/wp\/v2\/pages\/135\/revisions"}],"predecessor-version":[{"id":252,"href":"https:\/\/lactaliscef.ca\/index.php?rest_route=\/wp\/v2\/pages\/135\/revisions\/252"}],"wp:attachment":[{"href":"https:\/\/lactaliscef.ca\/index.php?rest_route=%2Fwp%2Fv2%2Fmedia&parent=135"}],"curies":[{"name":"wp","href":"https:\/\/api.w.org\/{rel}","templated":true}]}}